rime number?
False
Is 3026448179 a composite number?
True
Is 2471093119 a prime number?
False
Is 164378835611 prime?
False
Is 176980127 a prime number?
False
Is 5048138398 prime?
False
Is 11625585871 composite?
False
Is 4751268233 prime?
True
Is 158838227 composite?
True
Is 418119587 prime?
False
Is 9687100331 composite?
False
Is 9390462509 a prime number?
True
Is 5723304049 a composite number?
True
Is 3890771237 a prime number?
False
Is 11400620281 prime?
False
Is 26243138297 composite?
True
Is 59587509973 composite?
True
Is 3228817241 composite?
True
Is 3767726931 a composite number?
True
Is 23801540137 a composite number?
True
Is 782036443 a composite number?
False
Is 500813207 a prime number?
True
Is 578052991 composite?
False
Is 1218637279 a prime number?
True
Is 6436503131 prime?
True
Is 39637811 a composite number?
False
Is 5015584309 a composite number?
True
Is 2517523 composite?
True
Is 476038312483 a composite number?
True
Is 8464932481 composite?
True
Is 2229750053 prime?
False
Is 7522768259 a prime number?
True
Is 16627933043 a prime number?
True
Is 4550219083 a composite number?
False
Is 130338257011 composite?
False
Is 28978882651 prime?
False
Is 4591182683 a composite number?
False
Is 2632352297 a prime number?
True
Is 1391772929 a prime number?
False
Is 8368013671 prime?
True
Is 26287990711 prime?
False
Is 45753825053 a prime number?
False
Is 438387953 prime?
False
Is 4503612247 prime?
True
Is 575569837 a composite number?
False
Is 81720120871 a composite number?
False
Is 9299093 a composite number?
True
Is 899361187 composite?
True
Is 6305355823 a composite number?
True
Is 495230289 prime?
False
Is 997181891 a prime number?
True
Is 799981139 a prime number?
False
Is 1452985201 composite?
False
Is 8485538441 a composite number?
True
Is 11262270499 composite?
True
Is 3264136465 a composite number?
True
Is 7327297559 a composite number?
False
Is 1148080991 a prime number?
False
Is 149789272405 prime?
False
Is 71631597377 a composite number?
True
Is 9329793313 a prime number?
False
Is 13424241151 a prime number?
False
Is 10937936353 a composite number?
False
Is 17060270407 prime?
True
Is 7313964869 prime?
True
Is 828682417 composite?
False
Is 931450337 a composite number?
False
Is 800449303 prime?
True
Is 1362221281 a prime number?
True
Is 519100403 a composite number?
True
Is 304857191 a prime number?
True
Is 506154421 a composite number?
True
Is 45021161 composite?
False
Is 1674884551 a composite number?
False
Is 865379819 a composite number?
False
Is 6025445189 a composite number?
False
Is 6014219 composite?
False
Is 356953409 a prime number?
False
Is 460408769 a prime number?
True
Is 17679745849 prime?
True
Is 3839679383 prime?
False
Is 285658739 composite?
True
Is 469288177 prime?
True
Is 3785310713 a composite number?
False
Is 448158433 composite?
True
Is 20939725199 a composite number?
True
Is 14103769657 prime?
True
Is 1245090601 a prime number?
False
Is 1395136153 composite?
False
Is 3825637937 composite?
True
Is 1695890531 a prime number?
False
Is 5197656991 composite?
True
Is 12426027049 a prime number?
True
Is 66588323 a composite number?
True
Is 120565027337 a prime number?
True
Is 3180478097 a prime number?
False
Is 116484515429 a prime number?
True
Is 1920201559 composite?
False
Is 354364395719 a composite number?
False
Is 9632246803 a composite number?
False
Is 18784279463 a composite number?
False
Is 942944991 a prime number?
False
Is 11888489143 prime?
True
Is 7466875751 prime?
True
Is 3216068617 prime?
True
Is 144733343 composite?
False
Is 446285599 composite?
True
Is 1538983447 a composite number?
True
Is 83291521447 composite?
False
Is 1169731397 composite?
False
Is 19213462535 a prime number?
False
Is 3270633917 prime?
True
Is 9920470787 composite?
False
Is 4819351193 a prime number?
True
Is 3696831807 a composite number?
True
Is 1965761879 prime?
True
Is 1326195019 a prime number?
False
Is 1684865659 a prime number?
True
Is 837036153247 a composite number?
True
Is 26546994937 a prime number?
True
Is 485724032931 composite?
True
Is 2919592303 a composite number?
False
Is 5267630401 composite?
True
Is 13158485531 a composite number?
False
Is 1579207067 prime?
True
Is 2242314281 composite?
False
Is 54745179 a composite number?
True
Is 416819939 a prime number?
True
Is 13154851981 prime?
False
Is 51901783 a prime number?
True
Is 103440550637 a composite number?
False
Is 763302773 a prime number?
True
Is 49542790829 prime?
False
Is 2940953891 a prime number?
True
Is 283702283 prime?
True
Is 429360827 prime?
False
Is 6128976871 composite?
False
Is 43866027857 composite?
True
Is 19075071097 prime?
False
Is 2772653203 a composite number?
True
Is 808152359 a prime number?
False
Is 2018988481 a composite number?
False
Is 42635671597 prime?
False
Is 606473149 composite?
True
Is 27256724561 composite?
True
Is 10713612847 a prime number?
False
Is 83438182291 a composite number?
False
Is 19066981169 prime?
True
Is 3850730827 prime?
True
Is 42946482647 prime?
True
Is 177943903 composite?
True
Is 15405654943 prime?
False
Is 108036931 prime?
True
Is 6724029379 prime?
False
Is 12032501 composite?
True
Is 25914169319 prime?
True
Is 589450483 composite?
False
Is 1725585779 composite?
False
Is 486155617 composite?
True
Is 43184813579 a composite number?
False
Is 2365083859 composite?
True
Is 177619440437 composite?
False
Is 4665470203 a composite number?
False
Is 12436846329 a prime number?
False
Is 20309833091 a composite number?
False
Is 7298314099 a prime number?
True
Is 10083743351 a prime number?
False
Is 469986859 composite?
False
Is 10493153701 a prime number?
True
Is 11373029 composite?
False
Is 330884737 a composite number?
False
Is 493552903 prime?
True
Is 16534023469 prime?
False
Is 413595937 a prime number?
True
Is 2609231 composite?
False
Is 13215991603 a prime number?
False
Is 16638743357 composite?
False
Is 457056689 composite?
False
Is 3655665647 prime?
False
Is 70273749509 a composite number?
False
Is 36972092849 a prime number?
False
Is 4632358927 prime?
False
Is 18974664617 composite?
True
Is 1793258263 prime?
True
Is 401738531 a prime number?
False
Is 6147577 composite?
False
Is 104045873 a composite number?
False
Is 22674215638 prime?
False
Is 50196217 prime?
False
Is 8939571343 composite?
False
Is 47950456679 a prime number?
True
Is 49924329113 a composite number?
True
Is 42634788667 a prime number?
True
Is 648175613 composite?
False
Is 59804777 a prime number?
True
Is 6712419979 a prime number?
False
Is 19775490349 a composite number?
False
Is 3752961509 composite?
True
Is 48990956369 prime?
True
Is 30190999339 a composite number?
False
Is 64076230333 a composite number?
True
Is 19757769877 composite?
False
Is 39951454955 prime?
False
Is 14049637031 a prime number?
False
Is 454673101 composite?
False
Is 53005399451 a composite number?
True
Is 29844796109 composite?
False
Is 5145749 a composite number?
True
Is 141830083 a prime number?
True
Is 15586802377 a composite number?
False
Is 3578807717 prime?
False
Is 149732507923 a composite number?
True
Is 41402087627 composite?
False
Is 493200377 prime?
True
Is 127276901 prime?
False
Is 12847952707 a composite number?
False
Is 25961907353 a prime number?
True
Is 19178055493 a composite number?
False
Is 13296527561 prime?
True
Is 921100459 prime?
False
Is 187854893 prime?
False
Is 469887199 a prime number?
False
Is 320453711 a prime number?
True
Is 48381401747 prime?
False
Is 281945201 prime?
False
Is 96972951202 composite?
True
Is 9123688153 composite?
False
Is 17028966499 prime?
False
Is 735178319 composite?
True
Is 15300886877 prime?
True
Is 777382666 a composite number?
True
Is 4024078321 composite?
True
Is 1408252861 a composite number?
False
Is 537937541 prime?
False
Is 51749268023 prime?
False
Is 4424134213 prime?
False
Is 185336237 a composite number?
True
Is 2080911439 a composite number?
False
Is 2530553163 a prime number?
False
Is 9086770909 composite?
False
Is 14143657417 composite?
False
Is 93831287 prime?
False
Is 1714842599 a composite number?
False
Is 182084503151 composite?
False
Is 30169031623 composite?
True
Is 9084874519 a composite number?
True
Is 17598541067 prime?
True
Is 430250291 a prime number?
False
Is 2260350343 composite?
True
Is